{"id":14,"date":"2025-09-18T19:00:36","date_gmt":"2025-09-18T17:00:36","guid":{"rendered":"https:\/\/angry-goldstine.69-62-121-111.plesk.page\/?page_id=14"},"modified":"2025-10-02T11:04:15","modified_gmt":"2025-10-02T09:04:15","slug":"presentacion","status":"publish","type":"page","link":"https:\/\/elenarevuelta.com\/index.php\/presentacion\/","title":{"rendered":"Presentaci\u00f3n"},"content":{"rendered":"\t\t<div data-elementor-type=\"wp-page\" data-elementor-id=\"14\" class=\"elementor elementor-14\">\n\t\t\t\t<div class=\"aux-parallax-section elementor-element elementor-element-5a8673d e-con-full e-flex e-con e-parent\" data-id=\"5a8673d\" data-element_type=\"container\">\n\t\t\t\t<div class=\"elementor-element elementor-element-299095d elementor-widget elementor-widget-spacer\" data-id=\"299095d\" data-element_type=\"widget\" data-widget_type=\"spacer.default\">\n\t\t\t\t\t\t\t<div class=\"elementor-spacer\">\n\t\t\t<div class=\"elementor-spacer-inner\"><\/div>\n\t\t<\/div>\n\t\t\t\t\t\t<\/div>\n\t\t\t\t<div class=\"elementor-element elementor-element-2a02c8c elementor-widget elementor-widget-text-editor\" data-id=\"2a02c8c\" data-element_type=\"widget\" data-widget_type=\"text-editor.default\">\n\t\t\t\t\t\t\t\t\t<h5>Una luz se apaga, un pensamiento aparece.<\/h5><h5>Una vela se enciende, un recuerdo se olvida.<\/h5><h5>Una bombilla se funde, una idea nos sorprende.<\/h5><h5>Una luci\u00e9rnaga luce,<\/h5><h5>\u00a1Quiero ser una luci\u00e9rnaga!<\/h5>\t\t\t\t\t\t\t\t<\/div>\n\t\t\t\t<div class=\"elementor-element elementor-element-2dc7293 elementor-widget elementor-widget-spacer\" data-id=\"2dc7293\" data-element_type=\"widget\" data-widget_type=\"spacer.default\">\n\t\t\t\t\t\t\t<div class=\"elementor-spacer\">\n\t\t\t<div class=\"elementor-spacer-inner\"><\/div>\n\t\t<\/div>\n\t\t\t\t\t\t<\/div>\n\t\t\t\t<\/div>\n\t\t<div class=\"aux-parallax-section elementor-element elementor-element-923afb7 e-flex e-con-boxed e-con e-parent\" data-id=\"923afb7\" data-element_type=\"container\">\n\t\t\t\t\t<div class=\"e-con-inner\">\n\t\t\t\t<div class=\"elementor-element elementor-element-fce7a73 elementor-widget elementor-widget-spacer\" data-id=\"fce7a73\" data-element_type=\"widget\" data-widget_type=\"spacer.default\">\n\t\t\t\t\t\t\t<div class=\"elementor-spacer\">\n\t\t\t<div class=\"elementor-spacer-inner\"><\/div>\n\t\t<\/div>\n\t\t\t\t\t\t<\/div>\n\t\t\t\t<div class=\"elementor-element elementor-element-06531c0 elementor-widget elementor-widget-image\" data-id=\"06531c0\" data-element_type=\"widget\" data-widget_type=\"image.default\">\n\t\t\t\t\t\t\t\t\t\t\t\t\t\t\t<img fetchpriority=\"high\" decoding=\"async\" width=\"980\" height=\"453\" src=\"https:\/\/elenarevuelta.com\/wp-content\/uploads\/2025\/09\/elena-revuelta-rojas.jpg\" class=\"attachment-large size-large wp-image-102\" alt=\"\" srcset=\"https:\/\/elenarevuelta.com\/wp-content\/uploads\/2025\/09\/elena-revuelta-rojas.jpg 980w, https:\/\/elenarevuelta.com\/wp-content\/uploads\/2025\/09\/elena-revuelta-rojas-200x92.jpg 200w\" sizes=\"(max-width: 980px) 100vw, 980px\" \/>\t\t\t\t\t\t\t\t\t\t\t\t\t\t\t<\/div>\n\t\t\t\t<div class=\"elementor-element elementor-element-2d171a0 elementor-widget elementor-widget-spacer\" data-id=\"2d171a0\" data-element_type=\"widget\" data-widget_type=\"spacer.default\">\n\t\t\t\t\t\t\t<div class=\"elementor-spacer\">\n\t\t\t<div class=\"elementor-spacer-inner\"><\/div>\n\t\t<\/div>\n\t\t\t\t\t\t<\/div>\n\t\t\t\t\t<\/div>\n\t\t\t\t<\/div>\n\t\t<div class=\"aux-parallax-section elementor-element elementor-element-5de3e42 e-grid e-con-full e-con e-parent\" data-id=\"5de3e42\" data-element_type=\"container\">\n\t\t\t\t<div class=\"elementor-element elementor-element-f840973 elementor-widget elementor-widget-spacer\" data-id=\"f840973\" data-element_type=\"widget\" data-widget_type=\"spacer.default\">\n\t\t\t\t\t\t\t<div class=\"elementor-spacer\">\n\t\t\t<div class=\"elementor-spacer-inner\"><\/div>\n\t\t<\/div>\n\t\t\t\t\t\t<\/div>\n\t\t\t\t<div class=\"elementor-element elementor-element-9a462a6 elementor-widget elementor-widget-spacer\" data-id=\"9a462a6\" data-element_type=\"widget\" data-widget_type=\"spacer.default\">\n\t\t\t\t\t\t\t<div class=\"elementor-spacer\">\n\t\t\t<div class=\"elementor-spacer-inner\"><\/div>\n\t\t<\/div>\n\t\t\t\t\t\t<\/div>\n\t\t\t\t<div class=\"elementor-element elementor-element-868beeb elementor-widget elementor-widget-text-editor\" data-id=\"868beeb\" data-element_type=\"widget\" data-widget_type=\"text-editor.default\">\n\t\t\t\t\t\t\t\t\t<h2 class=\"font_8 wixui-rich-text__text\"><span class=\"wixui-rich-text__text\">\u00bfPor qu\u00e9 cuento?<\/span><\/h2><p class=\"font_8 wixui-rich-text__text\"><span class=\"wixui-rich-text__text\">Porque me gusta contar.<\/span><\/p><p class=\"font_8 wixui-rich-text__text\"><span class=\"wixui-rich-text__text\">Porque elijo historias y palabras que me despiertan. Cuentos que sacuden mi conciencia, me susurran otros puntos de vista, me hacen sentirme universo.<\/span><\/p><p class=\"font_8 wixui-rich-text__text\"><span class=\"wixui-rich-text__text\">Y, por supuesto, es un placer llenarme la cabeza, adem\u00e1s de p\u00e1jaros y nubes, de palabras que inspiran.<\/span><\/p><p class=\"font_8 wixui-rich-text__text\"><span class=\"wixui-rich-text__text\">Cuento para desentra\u00f1ar el hilo del laberinto, para recordarme que el tiempo no existe.<\/span><\/p><p class=\"font_8 wixui-rich-text__text\"><span class=\"wixui-rich-text__text\">Cuento para decirme que no desespere, que el presente es lo \u00fanico que tengo, y vivirlo lo que importa.<\/span><\/p><p class=\"font_8 wixui-rich-text__text\"><span class=\"wixui-rich-text__text\">Cuento para acompa\u00f1ar mi presente de ideas como que existen las hadas, o que una ni\u00f1a llamada Pipi Calzaslargas puede conseguirlo todo.<\/span><\/p><p class=\"font_8 wixui-rich-text__text\"><span class=\"wixui-rich-text__text\">Cuento huyendo de las moralejas y de los sirve para\u2026 para invadirme de poes\u00eda.<\/span><\/p><p class=\"font_8 wixui-rich-text__text\"><span class=\"wixui-rich-text__text\">Cuento y, en el camino, conozco otros contadores y eso me alegra el alma.<\/span><\/p><p class=\"font_8 wixui-rich-text__text\"><span class=\"wixui-rich-text__text\">Cuento porque, como dice el cuento, \u201cexiste un manzano m\u00e1gico cuyos frutos son p\u00e1jaros\u201d<\/span><span class=\"wixui-rich-text__text\">\u00a0(1)<\/span><span class=\"wixui-rich-text__text\">, y luego una ni\u00f1a me cuenta que est\u00e1 plantando semillas y regando, a ver si de su maceta tambi\u00e9n salen p\u00e1jaros, como en el cuento.<\/span><\/p><p class=\"font_8 wixui-rich-text__text\"><span class=\"wixui-rich-text__text\">Cuento porque es emocionante sentir el v\u00e9rtigo del momento presente y acogerte a \u00e9l, confiar, jugar y aceptar lo que pase.<\/span><\/p><p class=\"font_8 wixui-rich-text__text\"><span class=\"wixui-rich-text__text\">Cuento porque no s\u00e9, y mi manera de aprender es contando.<\/span><\/p><p class=\"font_8 wixui-rich-text__text\"><span class=\"wixui-rich-text__text\">Cuento porque me gusta repetir, repetir lo que me gusta y como dicen las ni\u00f1as y los ni\u00f1os:\u00a0<\/span><span class=\"wixui-rich-text__text\">Otra vez, otra vez, otra vez&#8230;<\/span><\/p><p class=\"font_8 wixui-rich-text__text\"><span class=\"wixui-rich-text__text\">\u201dCuento para pedir que llueva, para rezar a las plantas y para sentirme gato bajo el sol.<\/span><\/p><p class=\"font_8 wixui-rich-text__text\"><span class=\"wixui-rich-text__text\">Cuento para metamorfosearme, por ejemplo, en mariposa, \u201cuna mariposa reci\u00e9n nacida que agarrada a un muro tiene miedo a volar, hasta que una r\u00e1faga de viento la arranca y ella vuela y ya no sabe nada m\u00e1s que volar\u201d.<\/span><span class=\"wixui-rich-text__text\">(2)<\/span><\/p><p class=\"font_8 wixui-rich-text__text\"><span class=\"wixui-rich-text__text\">Cuento para atravesar el bosque, cruzar el r\u00edo, sumergirme en el lago, franquear el desierto, rebozarme en el barro, adentrarme en la cueva, mojarme con la tormenta<\/span><span class=\"wixui-rich-text__text\">, subir la monta\u00f1a y mirar al otro lado del espejo.<\/span><\/p><p class=\"font_8 wixui-rich-text__text\"><span class=\"wixui-rich-text__text\">Cuento porque lo que pongo en palabras es lo que nos sucede en ese momento, porque siento que es un acto creador que nos lleva a donde queramos.<\/span><\/p><p class=\"font_8 wixui-rich-text__text\"><span class=\"wixui-rich-text__text\">Cuento para desaparecer en las historias.<\/span><\/p><p class=\"font_8 wixui-rich-text__text\"><span class=\"wixui-rich-text__text\">Cuento para volver a ser ni\u00f1a.<\/span><\/p>\t\t\t\t\t\t\t\t<\/div>\n\t\t\t\t<\/div>\n\t\t<div class=\"aux-parallax-section elementor-element elementor-element-b359af6 e-con-full e-flex e-con e-parent\" data-id=\"b359af6\" data-element_type=\"container\">\n\t\t\t\t<div class=\"elementor-element elementor-element-02eb044 elementor-widget__width-initial elementor-widget elementor-widget-text-editor\" data-id=\"02eb044\" data-element_type=\"widget\" data-widget_type=\"text-editor.default\">\n\t\t\t\t\t\t\t\t\t<p class=\"font_8 wixui-rich-text__text\"><span class=\"wixui-rich-text__text\">(1) Argumento de un cuento de V\u00edctor Gonz\u00e1lez de su libro \u201cEl r\u00edo que se secaba todos los jueves\u201d.<\/span><\/p><p><span class=\"wixui-rich-text__text\">(2)Argumento de un cuento de \u00darsula Wollfel en su libro \u201c27 historias para tomar la sopa\u201d.<\/span><\/p>\t\t\t\t\t\t\t\t<\/div>\n\t\t\t\t<\/div>\n\t\t\t\t<\/div>\n\t\t","protected":false},"excerpt":{"rendered":"<p>Una luz se apaga, un pensamiento aparece. Una vela se enciende, un recuerdo se olvida. Una bombilla se funde, una idea nos sorprende. Una luci\u00e9rnaga luce, \u00a1Quiero ser una luci\u00e9rnaga! \u00bfPor qu\u00e9 cuento? Porque me gusta contar. Porque elijo historias y palabras que me despiertan. Cuentos que sacuden mi conciencia, me susurran otros puntos de [&hellip;]<\/p>\n","protected":false},"author":1,"featured_media":0,"parent":0,"menu_order":0,"comment_status":"closed","ping_status":"closed","template":"","meta":{"footnotes":""},"class_list":["post-14","page","type-page","status-publish","hentry"],"_links":{"self":[{"href":"https:\/\/elenarevuelta.com\/index.php\/wp-json\/wp\/v2\/pages\/14","targetHints":{"allow":["GET"]}}],"collection":[{"href":"https:\/\/elenarevuelta.com\/index.php\/wp-json\/wp\/v2\/pages"}],"about":[{"href":"https:\/\/elenarevuelta.com\/index.php\/wp-json\/wp\/v2\/types\/page"}],"author":[{"embeddable":true,"href":"https:\/\/elenarevuelta.com\/index.php\/wp-json\/wp\/v2\/users\/1"}],"replies":[{"embeddable":true,"href":"https:\/\/elenarevuelta.com\/index.php\/wp-json\/wp\/v2\/comments?post=14"}],"version-history":[{"count":29,"href":"https:\/\/elenarevuelta.com\/index.php\/wp-json\/wp\/v2\/pages\/14\/revisions"}],"predecessor-version":[{"id":345,"href":"https:\/\/elenarevuelta.com\/index.php\/wp-json\/wp\/v2\/pages\/14\/revisions\/345"}],"wp:attachment":[{"href":"https:\/\/elenarevuelta.com\/index.php\/wp-json\/wp\/v2\/media?parent=14"}],"curies":[{"name":"wp","href":"https:\/\/api.w.org\/{rel}","templated":true}]}}